23.
27
What is the value of 11 + (-11 + 2 - -20 - (1 + 7))?
14
-6 + -11 + 24 - (-72 + (-12 - -16))
75
What is 2 + 1 + -75 + (40 - 7) + 32 + -73?
-80
What is the value of (74 + -34 - -14) + -43?
11
What is -9 - (-11 + 0 - (5 + 8 + -6 + -12))?
-3
12 + -18 + 12 + -8 - (-6 + -2 + 4)
2
What is the value of (41 - -21) + -68 - (-48 - -2)?
40
Calculate -1680 - -1683 - (-20 - 0).
23
What is the value of (-2 - -6) + -4 + -18 + 94 + -14 + 4?
66
What is -11 - (46 + 45 + -43)?
-59
(-14 - 9) + -1 + 12 - (-35 - -23)
0
What is 4 - (9 + 11 + 1 + -74 + -219 + 209)?
67
Calculate 30 + -21 + -2 + 10 + -57 + -12.
-52
-5 - (6 - 132) - -4 - (1346 + -1334)
113
What is the value of -20 + 15 + -4 + -23 + 5?
-27
507 + -507 - (-3 + -11)
14
65 - (-13 + (38 - 43 - -10))
73
What is 86 + 18 + 2 + -26 + (-4 + 12 - -4)?
92
What is (94 - 37 - 18) + -97?
-58
Calculate (39 - 2) + (1956 - 2004).
-11
Evaluate (48 - (37 + -12)) + 13 - -24.
60
What is -75 + 36 + 30 - (1 - -32)?
-42
What is 38 + 1 + -93 + 73?
19
Evaluate (-4 - -53) + (8 - 96).
-39
Calculate -383 + 357 - (4 - 50).
20
What is -57 + 60 - (0 + 0) - (-70 - (6 + -17))?
62
What is the value of 4 + -14 + 1 + 5 + (5 - 29)?
-28
(1 - -15) + (-1 - (-106 + 114)) - 4
3
What is the value of 1 + 148 - ((23 - 0) + (-491 - -485))?
132
Calculate (2 - (-2 + -60)) + 1 + -98 + (-6 - -96).
57
What is the value of -291 + 302 - (-10 + (-4 - (1 - 5 - -3)))?
24
9 + (9 - 3 - 2 - 1) - (91 + 12)
-91
What is the value of (3738 - 3829) + -2 + -46?
-139
What is (-153 - -199) + (3 - (-1 + 0 + 4))?
46
What is the value of -2 - -7 - ((14 + -4 - -2) + -13)?
6
What is the value of -3 + ((6 - (2 - -21)) + 5 - 77) + 11?
-81
Evaluate 25 - (-3 + -11 + 9) - 7.
23
Calculate 7 - (51 + -27 + 1).
-18
Evaluate 131 - 62 - (-38 - -45).
62
What is the value of (1 - 2 - -22) + (5 - (-76 + 79 - -2))?
21
What is the value of -22 + ((-21 - 7) + 22 - (1 + -17))?
-12
(-92 - 117) + 90 + 33
-86
Calculate 0 + -50 + 5 - -41.
-4
What is the value of 63 + (-4 + -6 + 28 - 22) + 0?
59
Calculate (14 - (71 + -24)) + -17.
-50
38 + -2 + (-67 - -50 - -7)
26
(2256 - 2247) + (-1 - (0 - 0)) - (-69 - -2)
75
What is the value of -44 + (2 - ((13 - 15) + (7 - 2) + 6))?
-51
What is -61 + 139 - (-28 - -85)?
21
What is the value of 9 - ((-11 - 2) + 2 + 0 + 26 + -29)?
23
Evaluate -106 - (-51 + (10 - 77)).
12
Evaluate -227 + 169 + (12 - (-4 - 0) - 3).
-45
(38 - 26 - -40) + -21
31
-4 - -10 - -23 - (7 - -6)
16
-23 + -8 + 21 + (5 - -61)
56
What is 176 - (115 - 44) - 144?
-39
Evaluate 29 + (68 - 136) + (0 - -28).
-11
Calculate 31 + -14 - (-80 + 15 + -35).
117
What is -48 + -17 + 82 + 3 + -58?
-38
What is the value of (1 - -5) + (28 - 41 - (-2 + -26 + -6))?
27
Evaluate -13 + 310 + -163 + -248.
-114
What is 14 - ((85 - 152) + 130)?
-49
What is -5 - (85 + -53 - -16)?
-53
What is -3 + -119 - (-20 - (41 + -23))?
-84
Evaluate (20 + -11 - (4 + 3)) + (13 - 4).
11
Calculate (-4815 - -4786) + (4 - 4) + 1 + -1.
-29
What is (21 - 30 - (0 + 2 - 3)) + 7 - 8?
-9
16 - -46 - (41 - -19)
2
(95 + -19 - 52) + (-10 - 1)
13
Evaluate 56 - (1 - (-26 - -12) - (7 + -3)).
45
-27 - (-3 + 1 + 1 - (-8 + 15 + -6))
-25
What is -9 + -5 + (-15 - -30) - (5 + -17 - -97)?
-84
What is the value of -33 + (-1 - ((-43 - -4) + 1))?
4
(-26 - 2) + 3 - ((41 - 53) + -6)
-7
What is 83 + -37 - (18 - 2)?
30
What is the value of 32 + ((17 - 3) + -2 + (14 - 38) - -9)?
29
What is 0 + 5 - (43 - (-9 - -14))?
-33
Evaluate 28 + -29 + -48 + 90.
41
(-12 - -7) + (1 - 3) + -7 + 12
-2
Calculate -148 + 8 + 115 + 1 + 11.
-13
(0 - 20) + (43 - (102 + -55))
-24
Evaluate 11 + 25 + (15 + -44 - -13).
20
Evaluate 21 + -148 + (172 - 81).
-36
What is the value of -27 + (31 - 36 - -66)?
34
Calculate (-6 - -5) + -2 + (3 - -1) + -32 + 27.
-4
What is the value of 32 + (-102 - (-126 + 65))?
-9
What is the value of -10 - ((-12 - (-19 + 12)) + 40)?
-45
What is the value of -20 + (1 - 15 - (-285 + 255))?
-4
(1 - -20) + (-36 - -34) + 160 + -142
37
What is the value of (3 - 8 - -38) + (38 + -79 - -29)?
21
(5 - (-12 + 7)) + 4 + -11 + 34
37
Evaluate (-55 - (-6 + 13)) + 36.
-26
What is the value of 16 + 17 - ((-18 - -30) + -31)?
52
What is the value of -36 + (-20 - (19 + -5 + -23))?
-47
Evaluate -65 - -1 - ((138 - 103) + (-27 - -5)).
-77
What is the value of -25 - -91 - (-3 - -4) - 15?
50
What is -58 + 3 + (73 - (60 + 37))?
-79
(-212 - -124) + 23 - -25
-40
What is (-4 - -15) + (27 + -1 - -26)?
63
What is the value of -104 - -51 - (2 - 18)?
-37
10 - (((2 - 0) + -14 - 2) + -3742 + 3762)
4
Calculate (1 - 4) + 21 + -771 + 750.
-3
-51 + 32 - 9 - -51
23
-2 + 0 + 6 + -7 + -1 + (-92 - -162)
66
Evaluate -2 + 5 - -1 - (-32 - -4 - (228 - 200)).
60
Evaluate 73 + 2 + (-1 - 4) + 18 + 8 + -17.
79
What is the value of 3 + 7 + -1 - (-16 + 16 + -14)?
23
Evaluate (-133 - -33 - -210) + 40.
150
What is the value of -6 + (7 - (-5 + 4 - (-23 - -37)))?
16
What is the value of (164 - 1) + (-658 - -636) + (-17 - 4)?
120
2 - (9 - -2) - (118 + (-114 - -34))
-47
-4086 + 4123 - (-47 - (0 + -3))
81
289 + -127 - (5 + 18 - 0)
139
What is -4 + 123 + -31 + -41?
47
(-49 - 6) + 165 + -28
82
25 - (-46 - (-11 + -12) - 0)
48
What is the value of (14 - (-15 - (57 + -27))) + -7?
52
Evaluate -592 + 587 - (-5 + 50).
-50
Evaluate 52 + -23 + 31 + (-15 - 6).
39
What is -6 + (-3 - (-2 + -2 + -3)) + (6 - 14)?
-10
-101 + (1 - 8 - ((-5 - -1) + -207 + 209))
-106
Calculate (2 - 49) + (-155 - -182) + (-9 - 0).
-29
72 - (10 - -16) - 24
22
Evaluate (5 + 20 + 4 - 20) + -4 + 2.
7
Evaluate (-1125 - -1007) + 49 + -10.
-79
Evaluate 55 - (110 - (19 - 44)).
-80
What is the value of (-49 - -46) + 11 - -12?
20
Evaluate (-8 + 2 - -2) + -8 + (-23 - -6) + 76.
47
Calculate -6 + 15 + (-13 - -10) + 41 - 17.
30
1 - 83 - (1570 + -1654)
2
What is the value of (2 - 10 - 0) + -23 + 30 - 12?
-13
What is the value of 37 + -40 - (-12 + 21 + 12 - -6)?
-30
What is 2 - ((-19 - -6) + 8) - (134 - 47)?
-80
What is -480 + 492 - (1 + -2 + 38)?
-25
What is -43 - (-9 + -20 + 26 - -25)?
-65
What is 72 + -24 - 47 - 9?
-8
What is -50 - -1 - -2 - (11662 + -11679)?
-30
Calculate (-2 - 0) + 0 + -37 - (2979 - 2974) - 0.
-44
What is 6 + -1 + (-50 - -28 - -20) - 17?
-14
Evaluate (1480 - 1400) + -24 + -1.
55
Calculate 25 + (-4 - 53) + 6 - -2 - -133.
109
Evaluate (5 - -11) + -18 + -27 - 23.
-52
0 + (-4 - 4 - (-17 + 35 - -15))
-41
What is (-194 - (-184 - 8)) + (0 - -1 - -29)?
28
What is the value of (8 - (-2 + 0)) + (-107 - (56 + -159))?
6
What is -11 + 8 + (38 - 33)?
2
What is the value of (12 - (-17 - 43)) + 5 + -3 + -2 + 3?
75
39 + (-46 - (58 + -72))
7
Calculate (81 - 60 - 1) + 95.
115
Calculate -12 - (-13 + 0 - (16 + 7 - 32)) - 58.
-66
What is 12 + 3 + (-26 - (18 - 18)) + 105?
94
What is -119 + (49 - (-124 - -88))?
-34
What is the value of -176 - -123 - (11 + -75)?
11
What is -171 + (285 - 154) + 134?
94
Evaluate 10 - (0 - (-1 - (-2 - -6))).
5
Evaluate 8 + (-12 - -25) + 1 + 3.
25
36 + -118 + -167 + 149
-100
What is 2566 - 2586 - (0 - 27)?
7
-5 - ((-60 - 12) + 141)
-74
Calculate 109 + 58 + -167 - (0 - 3) - -116.
119
What is 8 + -21 + 41 - (11 + 13 + -12 + -15)?
31
Evaluate -172 - -132 - -58 - -35.
53
Evaluate 88 + -52 + (-1 - 1) + -19.
15
Evaluate 30 + (-35 - (-77 - -52)).
20
Calculate (-26 + 5 - 1) + (-11 - -9 - -6) - -9.
-9
-1 + -11 - (-308 + 311) - -50
35
Calculate 0 - 44 - (21101 + -21046).
-99
What is the value of 70 + (-12 - (-49 - -127))?
-20
What is the value of -6 + 9 + 6 + -7 + -2 + -48?
-48
2 + -15 - (155 + -200)
32
What is the value of -29 - (-13 - (-21 - (2 - (8 + -9))))?
-40
Evaluate 12247 + -12385 - (-33 - 1).
-104
What is 13 - ((-35 - (-7 - -13 - -9)) + 7)?
56
What is -4 + -4 + (0 + -8 - -30)?
14
Calculate -7 + -1 + -2 + (-17 - -7) + (19 - 2).
-3
What is the value of 101 + 107 + -3 + -156?
49
What is -90 + (-70 - -191 - 50)?
-19
Calculate 38 - 21 - (-5 + 44 + 12).
-34
Evaluate 3 + -1 + -27 - (9 + 17 - 50 - -13).
-14
Evaluate (-44 - 5) + ((-3 - 3) + -2 - -12) - -2.
-43
-65 + 71 + (-5 - -1) + -2 + 81
81
What is the value of 28 + 23 + -95 + 34 - (-18 + -1)?
9
0 - 102 - (-16 + (53 - (1 + 27) - 10))
-101
What is 2 + (-5 - -77) - (384 + -380 + 10 + -2)?
62
Evaluate 16 + (-9 + -11 - (-60 - -44)) + (1 - -8).
21
What is the value of 0 - 37 - (-54 + 55 + -10 + -4 + 3)?
-27
Evaluate (-58 - -15) + (-18 - (1 + 7)).
-69
What is the value of -1 - -135 - (-26 + (-32 - -16) + (26